5371 composite?
False
Is 538203377 a composite number?
True
Is 265795153171 composite?
False
Is 6818995199 a composite number?
False
Is 11497937441 a prime number?
False
Is 91734871 prime?
True
Is 5089280083 composite?
True
Is 1798437471 prime?
False
Is 3064742641 prime?
True
Is 157944923 a composite number?
False
Is 35726460437 prime?
False
Is 25644566411 a prime number?
False
Is 179948083 prime?
False
Is 48870067 composite?
True
Is 1643347273 composite?
False
Is 296696807 composite?
True
Is 259069645 a composite number?
True
Is 12571470311 a composite number?
False
Is 3110503631 a prime number?
False
Is 29075237 composite?
False
Is 2834839453 a composite number?
True
Is 13647054107 prime?
True
Is 12418159331 a composite number?
True
Is 6843032363 a prime number?
False
Is 119844503 a composite number?
False
Is 2843350771 composite?
True
Is 234384853 a composite number?
False
Is 653680061 a composite number?
True
Is 124270423 a composite number?
True
Is 556005319 prime?
False
Is 974883093 a prime number?
False
Is 62925985721 prime?
True
Is 35600687 prime?
True
Is 1240610729 a prime number?
True
Is 1547544377 a composite number?
True
Is 337817041 composite?
False
Is 34859128763 a composite number?
True
Is 15092105869 a composite number?
True
Is 68854472969 prime?
False
Is 262976599 composite?
False
Is 46847325617 composite?
True
Is 35953041029 a prime number?
False
Is 76342049041 prime?
False
Is 2984273637 a prime number?
False
Is 39081564329 a prime number?
True
Is 526937707 prime?
True
Is 134512297 a composite number?
False
Is 1651116329 prime?
True
Is 1129661449 prime?
False
Is 376283 prime?
True
Is 1244651741 composite?
False
Is 5478152861 a prime number?
True
Is 104250277 a prime number?
False
Is 2767930369 a composite number?
True
Is 13297057511 a prime number?
False
Is 4565993479 composite?
True
Is 3662755969 composite?
False
Is 1078748843 composite?
True
Is 94266229 a composite number?
True
Is 21741977507 a prime number?
False
Is 60047179121 prime?
False
Is 4722328453 a prime number?
False
Is 4369032821 a composite number?
False
Is 7800069055 a composite number?
True
Is 34741305703 a composite number?
True
Is 1239989321 a composite number?
False
Is 7137817747 a composite number?
False
Is 816575987 composite?
False
Is 796390657 composite?
False
Is 7085327803 composite?
False
Is 1202536883 a composite number?
False
Is 46814064659 a prime number?
True
Is 10374958199 a composite number?
False
Is 7802358841 a prime number?
False
Is 4809274153 composite?
True
Is 4376903647 composite?
False
Is 3608461543 a composite number?
False
Is 2015570719 a composite number?
False
Is 19782022411 prime?
True
Is 419228377 a prime number?
False
Is 7807840163 a composite number?
True
Is 6032877553 a composite number?
False
Is 3761255503 prime?
False
Is 5441884477 a prime number?
True
Is 7282562569 prime?
False
Is 97585150687 a composite number?
True
Is 238860653 a composite number?
False
Is 515224097 a prime number?
True
Is 45652398521 prime?
True
Is 3851545403 a composite number?
False
Is 4177373747 a prime number?
False
Is 1311540371 composite?
True
Is 15995168933 prime?
True
Is 28029173846 composite?
True
Is 17861890421 a composite number?
False
Is 861767 a prime number?
False
Is 160891847 a prime number?
True
Is 54905831933 a prime number?
True
Is 18216953639 composite?
False
Is 463358337631 a composite number?
True
Is 4062209773 a composite number?
True
Is 7679280593 a prime number?
False
Is 7147704961 a composite number?
True
Is 819244427 prime?
False
Is 48133378833 composite?
True
Is 5841913958 a prime number?
False
Is 225993487 prime?
True
Is 112263211661 composite?
True
Is 5465419733 a composite number?
True
Is 2162346871 prime?
True
Is 42911186677 composite?
True
Is 2414548447 a prime number?
True
Is 1002164957 prime?
True
Is 29529869827 composite?
False
Is 532549949 a prime number?
True
Is 406126309 composite?
True
Is 83129522389 a prime number?
False
Is 1205409399 a composite number?
True
Is 16433044873 composite?
True
Is 1580519657 composite?
False
Is 724134937 composite?
False
Is 2267247203 a composite number?
True
Is 271185013 a composite number?
True
Is 7875687179 a composite number?
False
Is 6999139871 a prime number?
True
Is 6551097437 composite?
True
Is 8699599979 a composite number?
True
Is 11367987143 prime?
True
Is 24788287031 a composite number?
True
Is 1805149279 composite?
True
Is 8386877027 a prime number?
False
Is 5840694179 a composite number?
False
Is 1122073793 a prime number?
True
Is 4652037613 a composite number?
False
Is 111672957961 a prime number?
False
Is 620240939 a composite number?
False
Is 1824249817 a prime number?
False
Is 21725575523 prime?
True
Is 6312158161 composite?
False
Is 1922652901 composite?
True
Is 8227807187 a prime number?
True
Is 939835037 prime?
False
Is 2796705871 a prime number?
True
Is 2676066845 prime?
False
Is 17317488599 a prime number?
False
Is 15824933141 composite?
True
Is 152364221 prime?
True
Is 17283577967 a prime number?
False
Is 47673827749 a composite number?
True
Is 10386861017 a composite number?
True
Is 9056567329 a composite number?
False
Is 2989653911 composite?
False
Is 5906965531 composite?
True
Is 2573193953 prime?
False
Is 844703971 a prime number?
False
Is 5195267617 a composite number?
False
Is 79414606 composite?
True
Is 10930912813 prime?
True
Is 12297990091 a prime number?
False
Is 8819164099 prime?
False
Is 22419919567 a prime number?
False
Is 24777809 a prime number?
False
Is 20068032773 a prime number?
False
Is 3697218847 a composite number?
True
Is 9692867377 composite?
True
Is 511175893 prime?
False
Is 25930219537 a composite number?
False
Is 4991001293 prime?
True
Is 559754183 a composite number?
True
Is 29056803071 prime?
True
Is 1414906853 a composite number?
True
Is 2873636074 a prime number?
False
Is 767936891 a composite number?
False
Is 7742615591 a prime number?
False
Is 660553133 prime?
True
Is 19293602659 prime?
False
Is 2282321971 composite?
True
Is 423724153 prime?
False
Is 189025283 prime?
True
Is 792863173 a composite number?
False
Is 13053030461 composite?
False
Is 331615951 a composite number?
False
Is 393222113 a composite number?
False
Is 3676777581 prime?
False
Is 1225534019 composite?
False
Is 1064620709 a composite number?
False
Is 109246754451 prime?
False
Is 28395557051 a composite number?
True
Is 2352555649 composite?
False
Is 2780136043 prime?
True
Is 287012179 a prime number?
True
Is 29612309 composite?
False
Is 598461767 a composite number?
True
Is 34198412401 composite?
False
Is 41206255778 a composite number?
True
Is 231453699149 a composite number?
False
Is 752682103 a composite number?
False
Is 130385439641 a composite number?
False
Is 1152565471 composite?
False
Is 31856287 a prime number?
True
Is 2708608541 a composite number?
False
Is 101584778159 prime?
False
Is 13691577659 composite?
False
Is 293989321 a prime number?
False
Is 1272415871 composite?
True
Is 4592121743 composite?
True
Is 6121609243 composite?
False
Is 97727898223 composite?
True
Is 44981990671 prime?
True
Is 1128448283 prime?
False
Is 69001695407 a prime number?
False
Is 11894131699 a composite number?
False
Is 2696090591 a composite number?
True
Is 56668764673 prime?
False
Is 23208285311 prime?
True
Is 2078875777 prime?
False
Is 4010063 a composite number?
False
Is 7625641739 a composite number?
True
Is 95103445237 a composite number?
False
Is 336605557 prime?
False
Is 777632867 composite?
True
Is 380741220787 composite?
False
Is 792452071 a prime number?
True
Is 236157067 a prime number?
True
Is 1000051487 composite?
True
Is 1082442199 a composite number?
False
Is 2257988387 a composite number?
True
Is 1479819399 a composite number?
True
Is 913925501 composite?
False
Is 2563325593 a composite number?
False
Is 12692300977 a prime number?
True
Is 592516289 a composite number?
True
Is 1519354777 a composite number?
False
Is 361203533 a composite number?
True
Is 2599461849 prime?
False
Is 20156358071 a prime number?
False
Is 8104783781 prime?
True
Is 1124063519 a prime number?
False
Is 6899958127 a prime number?
True
Is 27126869071 composite?
True
Is 133873945901 a prime number?
True
Is 699176587 prime?
False
Is 58207587 a composite number?
True
Is 923887937 composit